{"id":578,"date":"2023-04-13T10:18:28","date_gmt":"2023-04-13T10:18:28","guid":{"rendered":"https:\/\/myblog-z7zhjfk8i4.live-website.com\/?post_type=product&#038;p=578"},"modified":"2023-04-14T07:01:08","modified_gmt":"2023-04-14T07:01:08","slug":"bargondia-blanco-en-caja-de-6-o-12-botellas","status":"publish","type":"product","link":"https:\/\/myblog-z7zhjfk8i4.live-website.com\/?product=bargondia-blanco-en-caja-de-6-o-12-botellas","title":{"rendered":"BARGOND\u00cdA BLANCO en caja de 6 o 12 botellas"},"content":{"rendered":"<h2>Elaboraci\u00f3n<\/h2>\n<p>Obtenci\u00f3n del mosto para prensado de las uvas en fresco y fermentaci\u00f3n a baja temperatura.<\/p>\n<h2><i class=\"fa fa-book\"><\/i>\u00a0Notas de cata<\/h2>\n<p><strong>Vista:<\/strong>\u00a0Color oro p\u00e1lido con reflejos verdosos.<\/p>\n<p><strong>Nariz:\u00a0<\/strong>Intensidad arom\u00e1tica media-alta de notas de fruta tropical (pi\u00f1a) acompa\u00f1adas de un trasfondo floral. Con la evoluci\u00f3n en copa se desarrollan aromas de miel y anisados.<\/p>\n<p><strong>Boca:<\/strong>\u00a0En boca es fresco, voluminoso y equilibrado, con retronasal que recuerda a fruta tropical.<\/p>\n","protected":false},"excerpt":{"rendered":"<p>Elaboraci\u00f3n Obtenci\u00f3n del mosto para prensado de las uvas en fresco y fermentaci\u00f3n a baja temperatura. \u00a0Notas de cata Vista:\u00a0Color oro p\u00e1lido con reflejos verdosos. Nariz:\u00a0Intensidad arom\u00e1tica media-alta de notas de fruta tropical (pi\u00f1a) acompa\u00f1adas de un trasfondo floral. Con la evoluci\u00f3n en copa se desarrollan aromas de miel y anisados. Boca:\u00a0En boca es fresco, voluminoso y equilibrado, con retronasal que recuerda a fruta tropical.<\/p>\n","protected":false},"featured_media":579,"template":"","meta":[],"product_brand":[],"product_cat":[23],"product_tag":[],"class_list":{"0":"post-578","1":"product","2":"type-product","3":"status-publish","4":"has-post-thumbnail","6":"product_cat-uncategorized","8":"first","9":"instock","10":"shipping-taxable","11":"purchasable","12":"product-type-simple"},"yoast_head":"<!-- This site is optimized with the Yoast SEO plugin v24.4 - https:\/\/yoast.com\/wordpress\/plugins\/seo\/ -->\n<title>BARGOND\u00cdA BLANCO en caja de 6 o 12 botellas - Hormilla<\/title>\n<meta name=\"robots\" content=\"index, follow, max-snippet:-1, max-image-preview:large, max-video-preview:-1\" \/>\n<link rel=\"canonical\" href=\"https:\/\/myblog-z7zhjfk8i4.live-website.com\/?product=bargondia-blanco-en-caja-de-6-o-12-botellas\" \/>\n<meta property=\"og:locale\" content=\"es_ES\" \/>\n<meta property=\"og:type\" content=\"article\" \/>\n<meta property=\"og:title\" content=\"BARGOND\u00cdA BLANCO en caja de 6 o 12 botellas - Hormilla\" \/>\n<meta property=\"og:description\" content=\"Elaboraci\u00f3n Obtenci\u00f3n del mosto para prensado de las uvas en fresco y fermentaci\u00f3n a baja temperatura. \u00a0Notas de cata Vista:\u00a0Color oro p\u00e1lido con reflejos verdosos. Nariz:\u00a0Intensidad arom\u00e1tica media-alta de notas de fruta tropical (pi\u00f1a) acompa\u00f1adas de un trasfondo floral. Con la evoluci\u00f3n en copa se desarrollan aromas de miel y anisados. Boca:\u00a0En boca es fresco, voluminoso y equilibrado, con retronasal que recuerda a fruta tropical.\" \/>\n<meta property=\"og:url\" content=\"https:\/\/myblog-z7zhjfk8i4.live-website.com\/?product=bargondia-blanco-en-caja-de-6-o-12-botellas\" \/>\n<meta property=\"og:site_name\" content=\"Hormilla\" \/>\n<meta property=\"article:modified_time\" content=\"2023-04-14T07:01:08+00:00\" \/>\n<meta property=\"og:image\" content=\"https:\/\/myblog-z7zhjfk8i4.live-website.com\/wp-content\/uploads\/2023\/04\/bargondia_vino_blanco_rioja_500.jpg\" \/>\n\t<meta property=\"og:image:width\" content=\"500\" \/>\n\t<meta property=\"og:image:height\" content=\"666\" \/>\n\t<meta property=\"og:image:type\" content=\"image\/jpeg\" \/>\n<meta name=\"twitter:card\" content=\"summary_large_image\" \/>\n<meta name=\"twitter:label1\" content=\"Tiempo de lectura\" \/>\n\t<meta name=\"twitter:data1\" content=\"1 minuto\" \/>\n<script type=\"application\/ld+json\" class=\"yoast-schema-graph\">{\"@context\":\"https:\/\/schema.org\",\"@graph\":[{\"@type\":\"WebPage\",\"@id\":\"https:\/\/myblog-z7zhjfk8i4.live-website.com\/?product=bargondia-blanco-en-caja-de-6-o-12-botellas\",\"url\":\"https:\/\/myblog-z7zhjfk8i4.live-website.com\/?product=bargondia-blanco-en-caja-de-6-o-12-botellas\",\"name\":\"BARGOND\u00cdA BLANCO en caja de 6 o 12 botellas - Hormilla\",\"isPartOf\":{\"@id\":\"https:\/\/myblog-z7zhjfk8i4.live-website.com\/#website\"},\"primaryImageOfPage\":{\"@id\":\"https:\/\/myblog-z7zhjfk8i4.live-website.com\/?product=bargondia-blanco-en-caja-de-6-o-12-botellas#primaryimage\"},\"image\":{\"@id\":\"https:\/\/myblog-z7zhjfk8i4.live-website.com\/?product=bargondia-blanco-en-caja-de-6-o-12-botellas#primaryimage\"},\"thumbnailUrl\":\"https:\/\/myblog-z7zhjfk8i4.live-website.com\/wp-content\/uploads\/2023\/04\/bargondia_vino_blanco_rioja_500.jpg\",\"datePublished\":\"2023-04-13T10:18:28+00:00\",\"dateModified\":\"2023-04-14T07:01:08+00:00\",\"breadcrumb\":{\"@id\":\"https:\/\/myblog-z7zhjfk8i4.live-website.com\/?product=bargondia-blanco-en-caja-de-6-o-12-botellas#breadcrumb\"},\"inLanguage\":\"es\",\"potentialAction\":[{\"@type\":\"ReadAction\",\"target\":[\"https:\/\/myblog-z7zhjfk8i4.live-website.com\/?product=bargondia-blanco-en-caja-de-6-o-12-botellas\"]}]},{\"@type\":\"ImageObject\",\"inLanguage\":\"es\",\"@id\":\"https:\/\/myblog-z7zhjfk8i4.live-website.com\/?product=bargondia-blanco-en-caja-de-6-o-12-botellas#primaryimage\",\"url\":\"https:\/\/myblog-z7zhjfk8i4.live-website.com\/wp-content\/uploads\/2023\/04\/bargondia_vino_blanco_rioja_500.jpg\",\"contentUrl\":\"https:\/\/myblog-z7zhjfk8i4.live-website.com\/wp-content\/uploads\/2023\/04\/bargondia_vino_blanco_rioja_500.jpg\",\"width\":500,\"height\":666},{\"@type\":\"BreadcrumbList\",\"@id\":\"https:\/\/myblog-z7zhjfk8i4.live-website.com\/?product=bargondia-blanco-en-caja-de-6-o-12-botellas#breadcrumb\",\"itemListElement\":[{\"@type\":\"ListItem\",\"position\":1,\"name\":\"Portada\",\"item\":\"https:\/\/myblog-z7zhjfk8i4.live-website.com\/\"},{\"@type\":\"ListItem\",\"position\":2,\"name\":\"TIENDA\",\"item\":\"https:\/\/myblog-z7zhjfk8i4.live-website.com\/?page_id=544\"},{\"@type\":\"ListItem\",\"position\":3,\"name\":\"BARGOND\u00cdA BLANCO en caja de 6 o 12 botellas\"}]},{\"@type\":\"WebSite\",\"@id\":\"https:\/\/myblog-z7zhjfk8i4.live-website.com\/#website\",\"url\":\"https:\/\/myblog-z7zhjfk8i4.live-website.com\/\",\"name\":\"Hormilla\",\"description\":\"\",\"potentialAction\":[{\"@type\":\"SearchAction\",\"target\":{\"@type\":\"EntryPoint\",\"urlTemplate\":\"https:\/\/myblog-z7zhjfk8i4.live-website.com\/?s={search_term_string}\"},\"query-input\":{\"@type\":\"PropertyValueSpecification\",\"valueRequired\":true,\"valueName\":\"search_term_string\"}}],\"inLanguage\":\"es\"}]}<\/script>\n<!-- \/ Yoast SEO plugin. -->","yoast_head_json":{"title":"BARGOND\u00cdA BLANCO en caja de 6 o 12 botellas - Hormilla","robots":{"index":"index","follow":"follow","max-snippet":"max-snippet:-1","max-image-preview":"max-image-preview:large","max-video-preview":"max-video-preview:-1"},"canonical":"https:\/\/myblog-z7zhjfk8i4.live-website.com\/?product=bargondia-blanco-en-caja-de-6-o-12-botellas","og_locale":"es_ES","og_type":"article","og_title":"BARGOND\u00cdA BLANCO en caja de 6 o 12 botellas - Hormilla","og_description":"Elaboraci\u00f3n Obtenci\u00f3n del mosto para prensado de las uvas en fresco y fermentaci\u00f3n a baja temperatura. \u00a0Notas de cata Vista:\u00a0Color oro p\u00e1lido con reflejos verdosos. Nariz:\u00a0Intensidad arom\u00e1tica media-alta de notas de fruta tropical (pi\u00f1a) acompa\u00f1adas de un trasfondo floral. Con la evoluci\u00f3n en copa se desarrollan aromas de miel y anisados. Boca:\u00a0En boca es fresco, voluminoso y equilibrado, con retronasal que recuerda a fruta tropical.","og_url":"https:\/\/myblog-z7zhjfk8i4.live-website.com\/?product=bargondia-blanco-en-caja-de-6-o-12-botellas","og_site_name":"Hormilla","article_modified_time":"2023-04-14T07:01:08+00:00","og_image":[{"width":500,"height":666,"url":"https:\/\/myblog-z7zhjfk8i4.live-website.com\/wp-content\/uploads\/2023\/04\/bargondia_vino_blanco_rioja_500.jpg","type":"image\/jpeg"}],"twitter_card":"summary_large_image","twitter_misc":{"Tiempo de lectura":"1 minuto"},"schema":{"@context":"https:\/\/schema.org","@graph":[{"@type":"WebPage","@id":"https:\/\/myblog-z7zhjfk8i4.live-website.com\/?product=bargondia-blanco-en-caja-de-6-o-12-botellas","url":"https:\/\/myblog-z7zhjfk8i4.live-website.com\/?product=bargondia-blanco-en-caja-de-6-o-12-botellas","name":"BARGOND\u00cdA BLANCO en caja de 6 o 12 botellas - Hormilla","isPartOf":{"@id":"https:\/\/myblog-z7zhjfk8i4.live-website.com\/#website"},"primaryImageOfPage":{"@id":"https:\/\/myblog-z7zhjfk8i4.live-website.com\/?product=bargondia-blanco-en-caja-de-6-o-12-botellas#primaryimage"},"image":{"@id":"https:\/\/myblog-z7zhjfk8i4.live-website.com\/?product=bargondia-blanco-en-caja-de-6-o-12-botellas#primaryimage"},"thumbnailUrl":"https:\/\/myblog-z7zhjfk8i4.live-website.com\/wp-content\/uploads\/2023\/04\/bargondia_vino_blanco_rioja_500.jpg","datePublished":"2023-04-13T10:18:28+00:00","dateModified":"2023-04-14T07:01:08+00:00","breadcrumb":{"@id":"https:\/\/myblog-z7zhjfk8i4.live-website.com\/?product=bargondia-blanco-en-caja-de-6-o-12-botellas#breadcrumb"},"inLanguage":"es","potentialAction":[{"@type":"ReadAction","target":["https:\/\/myblog-z7zhjfk8i4.live-website.com\/?product=bargondia-blanco-en-caja-de-6-o-12-botellas"]}]},{"@type":"ImageObject","inLanguage":"es","@id":"https:\/\/myblog-z7zhjfk8i4.live-website.com\/?product=bargondia-blanco-en-caja-de-6-o-12-botellas#primaryimage","url":"https:\/\/myblog-z7zhjfk8i4.live-website.com\/wp-content\/uploads\/2023\/04\/bargondia_vino_blanco_rioja_500.jpg","contentUrl":"https:\/\/myblog-z7zhjfk8i4.live-website.com\/wp-content\/uploads\/2023\/04\/bargondia_vino_blanco_rioja_500.jpg","width":500,"height":666},{"@type":"BreadcrumbList","@id":"https:\/\/myblog-z7zhjfk8i4.live-website.com\/?product=bargondia-blanco-en-caja-de-6-o-12-botellas#breadcrumb","itemListElement":[{"@type":"ListItem","position":1,"name":"Portada","item":"https:\/\/myblog-z7zhjfk8i4.live-website.com\/"},{"@type":"ListItem","position":2,"name":"TIENDA","item":"https:\/\/myblog-z7zhjfk8i4.live-website.com\/?page_id=544"},{"@type":"ListItem","position":3,"name":"BARGOND\u00cdA BLANCO en caja de 6 o 12 botellas"}]},{"@type":"WebSite","@id":"https:\/\/myblog-z7zhjfk8i4.live-website.com\/#website","url":"https:\/\/myblog-z7zhjfk8i4.live-website.com\/","name":"Hormilla","description":"","potentialAction":[{"@type":"SearchAction","target":{"@type":"EntryPoint","urlTemplate":"https:\/\/myblog-z7zhjfk8i4.live-website.com\/?s={search_term_string}"},"query-input":{"@type":"PropertyValueSpecification","valueRequired":true,"valueName":"search_term_string"}}],"inLanguage":"es"}]}},"_links":{"self":[{"href":"https:\/\/myblog-z7zhjfk8i4.live-website.com\/index.php?rest_route=\/wp\/v2\/product\/578","targetHints":{"allow":["GET"]}}],"collection":[{"href":"https:\/\/myblog-z7zhjfk8i4.live-website.com\/index.php?rest_route=\/wp\/v2\/product"}],"about":[{"href":"https:\/\/myblog-z7zhjfk8i4.live-website.com\/index.php?rest_route=\/wp\/v2\/types\/product"}],"wp:featuredmedia":[{"embeddable":true,"href":"https:\/\/myblog-z7zhjfk8i4.live-website.com\/index.php?rest_route=\/wp\/v2\/media\/579"}],"wp:attachment":[{"href":"https:\/\/myblog-z7zhjfk8i4.live-website.com\/index.php?rest_route=%2Fwp%2Fv2%2Fmedia&parent=578"}],"wp:term":[{"taxonomy":"product_brand","embeddable":true,"href":"https:\/\/myblog-z7zhjfk8i4.live-website.com\/index.php?rest_route=%2Fwp%2Fv2%2Fproduct_brand&post=578"},{"taxonomy":"product_cat","embeddable":true,"href":"https:\/\/myblog-z7zhjfk8i4.live-website.com\/index.php?rest_route=%2Fwp%2Fv2%2Fproduct_cat&post=578"},{"taxonomy":"product_tag","embeddable":true,"href":"https:\/\/myblog-z7zhjfk8i4.live-website.com\/index.php?rest_route=%2Fwp%2Fv2%2Fproduct_tag&post=578"}],"curies":[{"name":"wp","href":"https:\/\/api.w.org\/{rel}","templated":true}]}}