{"id":336,"date":"2023-04-11T10:15:47","date_gmt":"2023-04-11T10:15:47","guid":{"rendered":"https:\/\/myblog-z7zhjfk8i4.live-website.com\/?page_id=336"},"modified":"2023-04-12T14:40:28","modified_gmt":"2023-04-12T14:40:28","slug":"lugares-de-interes","status":"publish","type":"page","link":"https:\/\/myblog-z7zhjfk8i4.live-website.com\/?page_id=336","title":{"rendered":"LUGARES DE INTERES"},"content":{"rendered":"<h3 class=\"wp-block-heading\"><strong><em>Visitas<\/em><\/strong><\/h3><ul class=\"wp-block-list\"><li>Jard\u00edn Bot\u00e1nico <a href=\"https:\/\/jardinbotanico.net\/\">https:\/\/jardinbotanico.net\/<\/a><\/li>\n\n<li>Iglesia Parroquial de San Mart\u00edn de Tours   <a href=\"https:\/\/aytohormilla.larioja.org\/municipio\/arte\">https:\/\/aytohormilla.larioja.org\/municipio\/arte<\/a><\/li><\/ul><h3 class=\"wp-block-heading\"><strong><em><strong><em>Caminos y senderos<\/em><\/strong><\/em><\/strong><\/h3><p>El Camino de Santiago que pasa por Hormilla, aunque en su trazado actual lo hayan hecho pasar por Azofra. Etapas de este camino por La Rioja y pr\u00f3ximas a Hormilla: Navarrete\u2013Azofra (22kms) y Azofra\u2013Gra\u00f1\u00f3n (19 kms)<br><br>Otros senderos marcados y pr\u00f3ximos a la localidad de Hormilla son:<br><br>Algunos senderos de peque\u00f1o recorrido por la Sonsierra, marcados con marcas blancas y amarillas, ser\u00edan: el PR LR 50 San Vicente-\u00c1balos-Peci\u00f1a-San Vicente (17 kms, 5 horas 40 minutos); PR LR 51 Sendero a la Ermita de Tolo\u00f1o que se inicia a 2\u20193 kms al norte de Ribas de Tereso, aldea de San Vicente (15 kms, 4 horas); PR LR 52 Camino de Bri\u00f1as a San Vicente (16 kms, 4 horas); PR LR 53 San Vicente-Ribas de Tereso (15 kms, 4 horas).<br><br>Sendero GR-93, marcado en todo su trazado con la se\u00f1alizaci\u00f3n de rojo y blanco. Realizado por el Programa Leader en 1993, sus 141 kms cruzan toda la Rioja de oeste a este en 8 etapas. Etapas pr\u00f3ximas a Hormilla ser\u00edan la etapa Ezcaray\u2013San Mill\u00e1n (18 kms, 5 horas) y la etapa San Mill\u00e1n de la Cogolla\u2013Anguiano (22 kms, 6 horas).<br><br>Pr\u00f3ximas a las localidades de Santo Domingo y de Ezcaray tenemos la Ruta de los pueblos abandonados.<\/p><h3 class=\"wp-block-heading\"><em><strong>El camino romano de Hormilla<\/strong><\/em><\/h3><p>La calzada romana entra en La Rioja, desde Corella (Navarra), por Alfaro. En su recorrido por la Rioja pasa por Rinc\u00f3n de Soto, Calahorra, Alcanadre, Agoncillo, Varea. Pasa junto al Centro Penitenciario de Logro\u00f1o, Navarrete, Ales\u00f3n, Tricio. Un kil\u00f3metro antes de Tricio se desv\u00eda un ramal de la calzada que va directamente a N\u00e1jera, cruza el Najerilla y entronca con la nacinal 120 en la antigua salida de N\u00e1jera a Burgos. Por la N-120 discurre durante un par de kil\u00f3metros hasta desviarse por la carretera de Hormilla, hasta llegar a Hormilla. Contin\u00faa por el que conocemos en Hormilla como \u201cCamino de los Romanos\u201d, hasta llegar al alto de la meseta de Valpierre. Justo en este alto, tras abandonar la carretera de Briones con la que coincide un corto trecho, existe un yacimiento romano. Aqu\u00ed se hallar\u00eda Atiliana.<br><br>La calzada contin\u00faa coincidiendo con la l\u00ednea de los t\u00e9rminos de Herv\u00edas y Azofra. Luego por Ba\u00f1ares, San Torcuato, por la l\u00ednea de los t\u00e9rminos de Ba\u00f1ares y Casta\u00f1ares, por Leiva y Tormantos, para luego abandonar La Rioja.<br><br>Este camino era el que seguramente siguiesen los antiguos peregrinos a Santiago de Compostela.<br><br>(V\u00eda Romana de Italia a Hispania en La Rioja. Isaac Moreno. 2001)<\/p><h3 class=\"wp-block-heading\"><em><strong>El camino de Santiago a su paso por Hormilla<\/strong><\/em><\/h3><p>No se conoce con exactitud el trazado del primer camino de la ruta jacobea, pero seguramente seguir\u00eda los caminos existentes, las calzadas romanas. Hormilla se encuentra fuera del actual Camino de Santiago, pero en cierta manera sigue formando parte de \u00e9l. Son pocos, pero de vez en cuando alg\u00fan que otro peregrino pasa por nuestro pueblo, con la intenci\u00f3n de hacer el \u201cantiguo\u201d Camino. Este \u201cantiguo\u201d Camino ven\u00eda desde Varea por Albelda, Lardero, Entrena, Tricio, Hormilla, Valpierre, Villaporquera, San Torcuato, Villalobar, Herram\u00e9lluri, Leiva y Tormantos, para seguir luego por Cerezo de R\u00edo Tir\u00f3n hasta Belorado y Briviesca.<br><br>El \u201cantiguo\u201d camino quedar\u00eda reformado cuando Domingo, eremita nacido en Viloria de Rioja, con la idea de ayudar a los peregrinos construye el famoso puente sobre el r\u00edo Oja. Esta nueva v\u00eda ir\u00eda desde N\u00e1jera a Santo Domingo de La Calzada y Gra\u00f1\u00f3n, para luego seguir hasta Burgos.<\/p><figure class=\"wp-block-gallery has-nested-images columns-default is-cropped wp-block-gallery-1 is-layout-flex wp-block-gallery-is-layout-flex\"><figure class=\"wp-block-image size-large\"><img loading=\"lazy\" decoding=\"async\" width=\"600\" height=\"400\" data-id=\"343\" src=\"https:\/\/myblog-z7zhjfk8i4.live-website.com\/wp-content\/uploads\/2023\/04\/2ff920405e47DD8E94-FEE8-5669-73FA-106670DAEE43_600_400.jpg\" alt=\"\" class=\"wp-image-343\" srcset=\"https:\/\/myblog-z7zhjfk8i4.live-website.com\/wp-content\/uploads\/2023\/04\/2ff920405e47DD8E94-FEE8-5669-73FA-106670DAEE43_600_400.jpg 600w, https:\/\/myblog-z7zhjfk8i4.live-website.com\/wp-content\/uploads\/2023\/04\/2ff920405e47DD8E94-FEE8-5669-73FA-106670DAEE43_600_400-300x200.jpg 300w\" sizes=\"auto, (max-width: 600px) 100vw, 600px\" \/><\/figure>\n\n<figure class=\"wp-block-image size-large\"><img loading=\"lazy\" decoding=\"async\" width=\"600\" height=\"400\" data-id=\"342\" src=\"https:\/\/myblog-z7zhjfk8i4.live-website.com\/wp-content\/uploads\/2023\/04\/d805257f3b07A86D1B-AF9F-0E5C-1C12-609AAB07F952_600_400.jpg\" alt=\"\" class=\"wp-image-342\" srcset=\"https:\/\/myblog-z7zhjfk8i4.live-website.com\/wp-content\/uploads\/2023\/04\/d805257f3b07A86D1B-AF9F-0E5C-1C12-609AAB07F952_600_400.jpg 600w, https:\/\/myblog-z7zhjfk8i4.live-website.com\/wp-content\/uploads\/2023\/04\/d805257f3b07A86D1B-AF9F-0E5C-1C12-609AAB07F952_600_400-300x200.jpg 300w\" sizes=\"auto, (max-width: 600px) 100vw, 600px\" \/><\/figure><\/figure>","protected":false},"excerpt":{"rendered":"<p>Visitas Caminos y senderos El Camino de Santiago que pasa por Hormilla, aunque en su trazado actual lo hayan hecho pasar por Azofra. Etapas de este camino por La Rioja y pr\u00f3ximas a Hormilla: Navarrete\u2013Azofra (22kms) y Azofra\u2013Gra\u00f1\u00f3n (19 kms) Otros senderos marcados y pr\u00f3ximos a la localidad de Hormilla son: Algunos senderos de peque\u00f1o recorrido por la Sonsierra, marcados con marcas blancas y amarillas, ser\u00edan: el PR LR 50 San Vicente-\u00c1balos-Peci\u00f1a-San Vicente (17 kms, 5 horas 40 minutos); PR LR 51 Sendero a la Ermita de Tolo\u00f1o que se inicia a 2\u20193 kms al norte de Ribas de Tereso, aldea de San Vicente (15 kms, 4 horas); PR LR 52 Camino de Bri\u00f1as a San Vicente (16 kms, 4 horas); PR LR 53 San Vicente-Ribas de Tereso (15 kms, 4 horas). Sendero GR-93, marcado en todo su trazado con la se\u00f1alizaci\u00f3n de rojo y blanco. Realizado por el Programa Leader en 1993, sus 141 kms cruzan toda la Rioja de oeste a este en 8 etapas. Etapas pr\u00f3ximas a Hormilla ser\u00edan la etapa Ezcaray\u2013San Mill\u00e1n (18 kms, 5 horas) y la etapa San Mill\u00e1n de la Cogolla\u2013Anguiano (22 kms, 6 horas). Pr\u00f3ximas a las localidades de Santo Domingo y de Ezcaray tenemos la Ruta de los pueblos abandonados. El camino romano de Hormilla La calzada romana entra en La Rioja, desde Corella (Navarra), por Alfaro. En su recorrido por la Rioja pasa por Rinc\u00f3n de Soto, Calahorra, Alcanadre, Agoncillo, Varea. Pasa junto al Centro Penitenciario de Logro\u00f1o, Navarrete, Ales\u00f3n, Tricio. Un kil\u00f3metro antes de Tricio se desv\u00eda un ramal de la calzada que va directamente a N\u00e1jera, cruza el Najerilla y entronca con la nacinal 120 en la antigua salida de N\u00e1jera a Burgos. Por la N-120 discurre durante un par de kil\u00f3metros hasta desviarse por la carretera de Hormilla, hasta llegar a Hormilla. Contin\u00faa por el que conocemos en Hormilla como \u201cCamino de los Romanos\u201d, hasta llegar al alto de la meseta de Valpierre. Justo en este alto, tras abandonar la carretera de Briones con la que coincide un corto trecho, existe un yacimiento romano. Aqu\u00ed se hallar\u00eda Atiliana. La calzada contin\u00faa coincidiendo con la l\u00ednea de los t\u00e9rminos de Herv\u00edas y Azofra. Luego por Ba\u00f1ares, San Torcuato, por la l\u00ednea de los t\u00e9rminos de Ba\u00f1ares y Casta\u00f1ares, por Leiva y Tormantos, para luego abandonar La Rioja. Este camino era el que seguramente siguiesen los antiguos peregrinos a Santiago de Compostela. (V\u00eda Romana de Italia a Hispania en La Rioja. Isaac Moreno. 2001) El camino de Santiago a su paso por Hormilla No se conoce con exactitud el trazado del primer camino de la ruta jacobea, pero seguramente seguir\u00eda los caminos existentes, las calzadas romanas. Hormilla se encuentra fuera del actual Camino de Santiago, pero en cierta manera sigue formando parte de \u00e9l. Son pocos, pero de vez en cuando alg\u00fan que otro peregrino pasa por nuestro pueblo, con la intenci\u00f3n de hacer el \u201cantiguo\u201d Camino. Este \u201cantiguo\u201d Camino ven\u00eda desde Varea por Albelda, Lardero, Entrena, Tricio, Hormilla, Valpierre, Villaporquera, San Torcuato, Villalobar, Herram\u00e9lluri, Leiva y Tormantos, para seguir luego por Cerezo de R\u00edo Tir\u00f3n hasta Belorado y Briviesca. El \u201cantiguo\u201d camino quedar\u00eda reformado cuando Domingo, eremita nacido en Viloria de Rioja, con la idea de ayudar a los peregrinos construye el famoso puente sobre el r\u00edo Oja. Esta nueva v\u00eda ir\u00eda desde N\u00e1jera a Santo Domingo de La Calzada y Gra\u00f1\u00f3n, para luego seguir hasta Burgos.<\/p>\n","protected":false},"author":1,"featured_media":0,"parent":0,"menu_order":0,"comment_status":"closed","ping_status":"closed","template":"","meta":{"footnotes":""},"class_list":["post-336","page","type-page","status-publish","hentry"],"yoast_head":"<!-- This site is optimized with the Yoast SEO plugin v24.4 - https:\/\/yoast.com\/wordpress\/plugins\/seo\/ -->\n<title>LUGARES DE INTERES - Hormilla<\/title>\n<meta name=\"robots\" content=\"index, follow, max-snippet:-1, max-image-preview:large, max-video-preview:-1\" \/>\n<link rel=\"canonical\" href=\"https:\/\/myblog-z7zhjfk8i4.live-website.com\/?page_id=336\" \/>\n<meta property=\"og:locale\" content=\"es_ES\" \/>\n<meta property=\"og:type\" content=\"article\" \/>\n<meta property=\"og:title\" content=\"LUGARES DE INTERES - Hormilla\" \/>\n<meta property=\"og:description\" content=\"Visitas Caminos y senderos El Camino de Santiago que pasa por Hormilla, aunque en su trazado actual lo hayan hecho pasar por Azofra. Etapas de este camino por La Rioja y pr\u00f3ximas a Hormilla: Navarrete\u2013Azofra (22kms) y Azofra\u2013Gra\u00f1\u00f3n (19 kms) Otros senderos marcados y pr\u00f3ximos a la localidad de Hormilla son: Algunos senderos de peque\u00f1o recorrido por la Sonsierra, marcados con marcas blancas y amarillas, ser\u00edan: el PR LR 50 San Vicente-\u00c1balos-Peci\u00f1a-San Vicente (17 kms, 5 horas 40 minutos); PR LR 51 Sendero a la Ermita de Tolo\u00f1o que se inicia a 2\u20193 kms al norte de Ribas de Tereso, aldea de San Vicente (15 kms, 4 horas); PR LR 52 Camino de Bri\u00f1as a San Vicente (16 kms, 4 horas); PR LR 53 San Vicente-Ribas de Tereso (15 kms, 4 horas). Sendero GR-93, marcado en todo su trazado con la se\u00f1alizaci\u00f3n de rojo y blanco. Realizado por el Programa Leader en 1993, sus 141 kms cruzan toda la Rioja de oeste a este en 8 etapas. Etapas pr\u00f3ximas a Hormilla ser\u00edan la etapa Ezcaray\u2013San Mill\u00e1n (18 kms, 5 horas) y la etapa San Mill\u00e1n de la Cogolla\u2013Anguiano (22 kms, 6 horas). Pr\u00f3ximas a las localidades de Santo Domingo y de Ezcaray tenemos la Ruta de los pueblos abandonados. El camino romano de Hormilla La calzada romana entra en La Rioja, desde Corella (Navarra), por Alfaro. En su recorrido por la Rioja pasa por Rinc\u00f3n de Soto, Calahorra, Alcanadre, Agoncillo, Varea. Pasa junto al Centro Penitenciario de Logro\u00f1o, Navarrete, Ales\u00f3n, Tricio. Un kil\u00f3metro antes de Tricio se desv\u00eda un ramal de la calzada que va directamente a N\u00e1jera, cruza el Najerilla y entronca con la nacinal 120 en la antigua salida de N\u00e1jera a Burgos. Por la N-120 discurre durante un par de kil\u00f3metros hasta desviarse por la carretera de Hormilla, hasta llegar a Hormilla. Contin\u00faa por el que conocemos en Hormilla como \u201cCamino de los Romanos\u201d, hasta llegar al alto de la meseta de Valpierre. Justo en este alto, tras abandonar la carretera de Briones con la que coincide un corto trecho, existe un yacimiento romano. Aqu\u00ed se hallar\u00eda Atiliana. La calzada contin\u00faa coincidiendo con la l\u00ednea de los t\u00e9rminos de Herv\u00edas y Azofra. Luego por Ba\u00f1ares, San Torcuato, por la l\u00ednea de los t\u00e9rminos de Ba\u00f1ares y Casta\u00f1ares, por Leiva y Tormantos, para luego abandonar La Rioja. Este camino era el que seguramente siguiesen los antiguos peregrinos a Santiago de Compostela. (V\u00eda Romana de Italia a Hispania en La Rioja. Isaac Moreno. 2001) El camino de Santiago a su paso por Hormilla No se conoce con exactitud el trazado del primer camino de la ruta jacobea, pero seguramente seguir\u00eda los caminos existentes, las calzadas romanas. Hormilla se encuentra fuera del actual Camino de Santiago, pero en cierta manera sigue formando parte de \u00e9l. Son pocos, pero de vez en cuando alg\u00fan que otro peregrino pasa por nuestro pueblo, con la intenci\u00f3n de hacer el \u201cantiguo\u201d Camino. Este \u201cantiguo\u201d Camino ven\u00eda desde Varea por Albelda, Lardero, Entrena, Tricio, Hormilla, Valpierre, Villaporquera, San Torcuato, Villalobar, Herram\u00e9lluri, Leiva y Tormantos, para seguir luego por Cerezo de R\u00edo Tir\u00f3n hasta Belorado y Briviesca. El \u201cantiguo\u201d camino quedar\u00eda reformado cuando Domingo, eremita nacido en Viloria de Rioja, con la idea de ayudar a los peregrinos construye el famoso puente sobre el r\u00edo Oja. Esta nueva v\u00eda ir\u00eda desde N\u00e1jera a Santo Domingo de La Calzada y Gra\u00f1\u00f3n, para luego seguir hasta Burgos.\" \/>\n<meta property=\"og:url\" content=\"https:\/\/myblog-z7zhjfk8i4.live-website.com\/?page_id=336\" \/>\n<meta property=\"og:site_name\" content=\"Hormilla\" \/>\n<meta property=\"article:modified_time\" content=\"2023-04-12T14:40:28+00:00\" \/>\n<meta property=\"og:image\" content=\"https:\/\/myblog-z7zhjfk8i4.live-website.com\/wp-content\/uploads\/2023\/04\/2ff920405e47DD8E94-FEE8-5669-73FA-106670DAEE43_600_400.jpg\" \/>\n<meta name=\"twitter:card\" content=\"summary_large_image\" \/>\n<meta name=\"twitter:label1\" content=\"Tiempo de lectura\" \/>\n\t<meta name=\"twitter:data1\" content=\"4 minutos\" \/>\n<script type=\"application\/ld+json\" class=\"yoast-schema-graph\">{\"@context\":\"https:\/\/schema.org\",\"@graph\":[{\"@type\":\"WebPage\",\"@id\":\"https:\/\/myblog-z7zhjfk8i4.live-website.com\/?page_id=336\",\"url\":\"https:\/\/myblog-z7zhjfk8i4.live-website.com\/?page_id=336\",\"name\":\"LUGARES DE INTERES - Hormilla\",\"isPartOf\":{\"@id\":\"https:\/\/myblog-z7zhjfk8i4.live-website.com\/#website\"},\"primaryImageOfPage\":{\"@id\":\"https:\/\/myblog-z7zhjfk8i4.live-website.com\/?page_id=336#primaryimage\"},\"image\":{\"@id\":\"https:\/\/myblog-z7zhjfk8i4.live-website.com\/?page_id=336#primaryimage\"},\"thumbnailUrl\":\"https:\/\/myblog-z7zhjfk8i4.live-website.com\/wp-content\/uploads\/2023\/04\/2ff920405e47DD8E94-FEE8-5669-73FA-106670DAEE43_600_400.jpg\",\"datePublished\":\"2023-04-11T10:15:47+00:00\",\"dateModified\":\"2023-04-12T14:40:28+00:00\",\"breadcrumb\":{\"@id\":\"https:\/\/myblog-z7zhjfk8i4.live-website.com\/?page_id=336#breadcrumb\"},\"inLanguage\":\"es\",\"potentialAction\":[{\"@type\":\"ReadAction\",\"target\":[\"https:\/\/myblog-z7zhjfk8i4.live-website.com\/?page_id=336\"]}]},{\"@type\":\"ImageObject\",\"inLanguage\":\"es\",\"@id\":\"https:\/\/myblog-z7zhjfk8i4.live-website.com\/?page_id=336#primaryimage\",\"url\":\"https:\/\/myblog-z7zhjfk8i4.live-website.com\/wp-content\/uploads\/2023\/04\/2ff920405e47DD8E94-FEE8-5669-73FA-106670DAEE43_600_400.jpg\",\"contentUrl\":\"https:\/\/myblog-z7zhjfk8i4.live-website.com\/wp-content\/uploads\/2023\/04\/2ff920405e47DD8E94-FEE8-5669-73FA-106670DAEE43_600_400.jpg\",\"width\":600,\"height\":400},{\"@type\":\"BreadcrumbList\",\"@id\":\"https:\/\/myblog-z7zhjfk8i4.live-website.com\/?page_id=336#breadcrumb\",\"itemListElement\":[{\"@type\":\"ListItem\",\"position\":1,\"name\":\"Portada\",\"item\":\"https:\/\/myblog-z7zhjfk8i4.live-website.com\/\"},{\"@type\":\"ListItem\",\"position\":2,\"name\":\"LUGARES DE INTERES\"}]},{\"@type\":\"WebSite\",\"@id\":\"https:\/\/myblog-z7zhjfk8i4.live-website.com\/#website\",\"url\":\"https:\/\/myblog-z7zhjfk8i4.live-website.com\/\",\"name\":\"Hormilla\",\"description\":\"\",\"potentialAction\":[{\"@type\":\"SearchAction\",\"target\":{\"@type\":\"EntryPoint\",\"urlTemplate\":\"https:\/\/myblog-z7zhjfk8i4.live-website.com\/?s={search_term_string}\"},\"query-input\":{\"@type\":\"PropertyValueSpecification\",\"valueRequired\":true,\"valueName\":\"search_term_string\"}}],\"inLanguage\":\"es\"}]}<\/script>\n<!-- \/ Yoast SEO plugin. -->","yoast_head_json":{"title":"LUGARES DE INTERES - Hormilla","robots":{"index":"index","follow":"follow","max-snippet":"max-snippet:-1","max-image-preview":"max-image-preview:large","max-video-preview":"max-video-preview:-1"},"canonical":"https:\/\/myblog-z7zhjfk8i4.live-website.com\/?page_id=336","og_locale":"es_ES","og_type":"article","og_title":"LUGARES DE INTERES - Hormilla","og_description":"Visitas Caminos y senderos El Camino de Santiago que pasa por Hormilla, aunque en su trazado actual lo hayan hecho pasar por Azofra. Etapas de este camino por La Rioja y pr\u00f3ximas a Hormilla: Navarrete\u2013Azofra (22kms) y Azofra\u2013Gra\u00f1\u00f3n (19 kms) Otros senderos marcados y pr\u00f3ximos a la localidad de Hormilla son: Algunos senderos de peque\u00f1o recorrido por la Sonsierra, marcados con marcas blancas y amarillas, ser\u00edan: el PR LR 50 San Vicente-\u00c1balos-Peci\u00f1a-San Vicente (17 kms, 5 horas 40 minutos); PR LR 51 Sendero a la Ermita de Tolo\u00f1o que se inicia a 2\u20193 kms al norte de Ribas de Tereso, aldea de San Vicente (15 kms, 4 horas); PR LR 52 Camino de Bri\u00f1as a San Vicente (16 kms, 4 horas); PR LR 53 San Vicente-Ribas de Tereso (15 kms, 4 horas). Sendero GR-93, marcado en todo su trazado con la se\u00f1alizaci\u00f3n de rojo y blanco. Realizado por el Programa Leader en 1993, sus 141 kms cruzan toda la Rioja de oeste a este en 8 etapas. Etapas pr\u00f3ximas a Hormilla ser\u00edan la etapa Ezcaray\u2013San Mill\u00e1n (18 kms, 5 horas) y la etapa San Mill\u00e1n de la Cogolla\u2013Anguiano (22 kms, 6 horas). Pr\u00f3ximas a las localidades de Santo Domingo y de Ezcaray tenemos la Ruta de los pueblos abandonados. El camino romano de Hormilla La calzada romana entra en La Rioja, desde Corella (Navarra), por Alfaro. En su recorrido por la Rioja pasa por Rinc\u00f3n de Soto, Calahorra, Alcanadre, Agoncillo, Varea. Pasa junto al Centro Penitenciario de Logro\u00f1o, Navarrete, Ales\u00f3n, Tricio. Un kil\u00f3metro antes de Tricio se desv\u00eda un ramal de la calzada que va directamente a N\u00e1jera, cruza el Najerilla y entronca con la nacinal 120 en la antigua salida de N\u00e1jera a Burgos. Por la N-120 discurre durante un par de kil\u00f3metros hasta desviarse por la carretera de Hormilla, hasta llegar a Hormilla. Contin\u00faa por el que conocemos en Hormilla como \u201cCamino de los Romanos\u201d, hasta llegar al alto de la meseta de Valpierre. Justo en este alto, tras abandonar la carretera de Briones con la que coincide un corto trecho, existe un yacimiento romano. Aqu\u00ed se hallar\u00eda Atiliana. La calzada contin\u00faa coincidiendo con la l\u00ednea de los t\u00e9rminos de Herv\u00edas y Azofra. Luego por Ba\u00f1ares, San Torcuato, por la l\u00ednea de los t\u00e9rminos de Ba\u00f1ares y Casta\u00f1ares, por Leiva y Tormantos, para luego abandonar La Rioja. Este camino era el que seguramente siguiesen los antiguos peregrinos a Santiago de Compostela. (V\u00eda Romana de Italia a Hispania en La Rioja. Isaac Moreno. 2001) El camino de Santiago a su paso por Hormilla No se conoce con exactitud el trazado del primer camino de la ruta jacobea, pero seguramente seguir\u00eda los caminos existentes, las calzadas romanas. Hormilla se encuentra fuera del actual Camino de Santiago, pero en cierta manera sigue formando parte de \u00e9l. Son pocos, pero de vez en cuando alg\u00fan que otro peregrino pasa por nuestro pueblo, con la intenci\u00f3n de hacer el \u201cantiguo\u201d Camino. Este \u201cantiguo\u201d Camino ven\u00eda desde Varea por Albelda, Lardero, Entrena, Tricio, Hormilla, Valpierre, Villaporquera, San Torcuato, Villalobar, Herram\u00e9lluri, Leiva y Tormantos, para seguir luego por Cerezo de R\u00edo Tir\u00f3n hasta Belorado y Briviesca. El \u201cantiguo\u201d camino quedar\u00eda reformado cuando Domingo, eremita nacido en Viloria de Rioja, con la idea de ayudar a los peregrinos construye el famoso puente sobre el r\u00edo Oja. Esta nueva v\u00eda ir\u00eda desde N\u00e1jera a Santo Domingo de La Calzada y Gra\u00f1\u00f3n, para luego seguir hasta Burgos.","og_url":"https:\/\/myblog-z7zhjfk8i4.live-website.com\/?page_id=336","og_site_name":"Hormilla","article_modified_time":"2023-04-12T14:40:28+00:00","og_image":[{"url":"https:\/\/myblog-z7zhjfk8i4.live-website.com\/wp-content\/uploads\/2023\/04\/2ff920405e47DD8E94-FEE8-5669-73FA-106670DAEE43_600_400.jpg","type":"","width":"","height":""}],"twitter_card":"summary_large_image","twitter_misc":{"Tiempo de lectura":"4 minutos"},"schema":{"@context":"https:\/\/schema.org","@graph":[{"@type":"WebPage","@id":"https:\/\/myblog-z7zhjfk8i4.live-website.com\/?page_id=336","url":"https:\/\/myblog-z7zhjfk8i4.live-website.com\/?page_id=336","name":"LUGARES DE INTERES - Hormilla","isPartOf":{"@id":"https:\/\/myblog-z7zhjfk8i4.live-website.com\/#website"},"primaryImageOfPage":{"@id":"https:\/\/myblog-z7zhjfk8i4.live-website.com\/?page_id=336#primaryimage"},"image":{"@id":"https:\/\/myblog-z7zhjfk8i4.live-website.com\/?page_id=336#primaryimage"},"thumbnailUrl":"https:\/\/myblog-z7zhjfk8i4.live-website.com\/wp-content\/uploads\/2023\/04\/2ff920405e47DD8E94-FEE8-5669-73FA-106670DAEE43_600_400.jpg","datePublished":"2023-04-11T10:15:47+00:00","dateModified":"2023-04-12T14:40:28+00:00","breadcrumb":{"@id":"https:\/\/myblog-z7zhjfk8i4.live-website.com\/?page_id=336#breadcrumb"},"inLanguage":"es","potentialAction":[{"@type":"ReadAction","target":["https:\/\/myblog-z7zhjfk8i4.live-website.com\/?page_id=336"]}]},{"@type":"ImageObject","inLanguage":"es","@id":"https:\/\/myblog-z7zhjfk8i4.live-website.com\/?page_id=336#primaryimage","url":"https:\/\/myblog-z7zhjfk8i4.live-website.com\/wp-content\/uploads\/2023\/04\/2ff920405e47DD8E94-FEE8-5669-73FA-106670DAEE43_600_400.jpg","contentUrl":"https:\/\/myblog-z7zhjfk8i4.live-website.com\/wp-content\/uploads\/2023\/04\/2ff920405e47DD8E94-FEE8-5669-73FA-106670DAEE43_600_400.jpg","width":600,"height":400},{"@type":"BreadcrumbList","@id":"https:\/\/myblog-z7zhjfk8i4.live-website.com\/?page_id=336#breadcrumb","itemListElement":[{"@type":"ListItem","position":1,"name":"Portada","item":"https:\/\/myblog-z7zhjfk8i4.live-website.com\/"},{"@type":"ListItem","position":2,"name":"LUGARES DE INTERES"}]},{"@type":"WebSite","@id":"https:\/\/myblog-z7zhjfk8i4.live-website.com\/#website","url":"https:\/\/myblog-z7zhjfk8i4.live-website.com\/","name":"Hormilla","description":"","potentialAction":[{"@type":"SearchAction","target":{"@type":"EntryPoint","urlTemplate":"https:\/\/myblog-z7zhjfk8i4.live-website.com\/?s={search_term_string}"},"query-input":{"@type":"PropertyValueSpecification","valueRequired":true,"valueName":"search_term_string"}}],"inLanguage":"es"}]}},"_links":{"self":[{"href":"https:\/\/myblog-z7zhjfk8i4.live-website.com\/index.php?rest_route=\/wp\/v2\/pages\/336","targetHints":{"allow":["GET"]}}],"collection":[{"href":"https:\/\/myblog-z7zhjfk8i4.live-website.com\/index.php?rest_route=\/wp\/v2\/pages"}],"about":[{"href":"https:\/\/myblog-z7zhjfk8i4.live-website.com\/index.php?rest_route=\/wp\/v2\/types\/page"}],"author":[{"embeddable":true,"href":"https:\/\/myblog-z7zhjfk8i4.live-website.com\/index.php?rest_route=\/wp\/v2\/users\/1"}],"replies":[{"embeddable":true,"href":"https:\/\/myblog-z7zhjfk8i4.live-website.com\/index.php?rest_route=%2Fwp%2Fv2%2Fcomments&post=336"}],"version-history":[{"count":10,"href":"https:\/\/myblog-z7zhjfk8i4.live-website.com\/index.php?rest_route=\/wp\/v2\/pages\/336\/revisions"}],"predecessor-version":[{"id":538,"href":"https:\/\/myblog-z7zhjfk8i4.live-website.com\/index.php?rest_route=\/wp\/v2\/pages\/336\/revisions\/538"}],"wp:attachment":[{"href":"https:\/\/myblog-z7zhjfk8i4.live-website.com\/index.php?rest_route=%2Fwp%2Fv2%2Fmedia&parent=336"}],"curies":[{"name":"wp","href":"https:\/\/api.w.org\/{rel}","templated":true}]}}